{"id":15,"date":"2019-08-19T18:19:26","date_gmt":"2019-08-19T18:19:26","guid":{"rendered":"http:\/\/notepad.projectnearfuture.de\/?page_id=15"},"modified":"2019-08-19T18:19:43","modified_gmt":"2019-08-19T18:19:43","slug":"plot","status":"publish","type":"page","link":"http:\/\/notepad.projectnearfuture.de\/?page_id=15","title":{"rendered":"Plot"},"content":{"rendered":"\n<h2 class=\"wp-block-heading\">Grundstory<\/h2>\n\n\n\n<p>Die Felidae haben auf Morrongo ein gro\u00dfe Menge des Element 207 gefunden. Allerdings scheint es andere Eigenschaften zu haben, als bei dem Element 207das normalerweise bei den Zeitw\u00e4chtern eingesetzt wird. Dieses Artefakt aktiviert sich nur bei einer bestimmten DNA, bzw. bei einer Kombination von einem bestimmte Menschen und einem bestimmten Felidae DNA. Sobald diese beiden zusammen kommen wird das Element aktiviert und die beiden werden in das 21 Jahrhundert auf die Erde geschickt, um den Fortbestand der Felidae zu sichern und die Zusammenarbeit von Mensch und Felidae zu gew\u00e4hrleisten.<\/p>\n\n\n\n<h2 class=\"wp-block-heading\">Kapitel 1<\/h2>\n\n\n\n<p>Kieran McCarthy (Der Geistersoldat) liegt bewusstlos im Raumschiff, eine vertraute und lieb gewonnene Stimme holt ihn zur\u00fcck in die Realit\u00e4t. Es war nur das Hologramm &#8220;Siri&#8221;, welches ihn auf das kommende vorbereitete. Es bleiben Ihm nur 72 Stunden bis zur Destabilisierung.<\/p>\n\n\n\n<h2 class=\"wp-block-heading\">Kapitel 2<\/h2>\n\n\n\n<p>Die Menschen kommen auf Morrongo an und sind die ersten Botschafter der Menschheit auf einem anderen Planeten. Die Crew wurde auf die Umweltbedingungen angepasst. Der Sohn des Botschafters reagiert auf eine Impfung mit einer erh\u00f6hten Temperatur, was laut Schiffsarzt nicht so schlimm ist. Sein K\u00f6rper stellt sich auf die Impfung ein. Der Sohn (Christoph) ist nerv\u00f6s, weil so viele Eigenarten und Gesten der Felida zu bedenken sind. Das erste treffen mit dem hiesigen Botschafter findet auf dem Raumschiff xx statt. Der Botschafter der Felida, m\u00f6chte die Menschen auf den ersten Kontakt auf deren Planeten vorbereiten. Das zusammenarbeiten ist wichtig und der Botschafter will sicher gehen das alle gut vorbereitet sind<\/p>\n\n\n\n<h2 class=\"wp-block-heading\">Kapitel 3<\/h2>\n\n\n\n<p>Der Botschafter der Felidae erz\u00e4hlt von den aktuellen Problemen und dem Misstrauen gegen\u00fcber den Menschen. Er kl\u00e4rt \u00fcber Sachen auf die die Menschen ansprechen sollen und \u00fcber Sachen die nicht angesprochen werden d\u00fcrfen. Christoph lernt die Tochter vom Botschafter kennen, die eine Abweisende Haltung im gegen\u00fcber einnimmt.<\/p>\n\n\n\n<h2 class=\"wp-block-heading\">Kapitel 4<\/h2>\n\n\n\n<p>Ankunft auf dem Planeten. Es findet ein treffen vor dem K\u00f6nig und dem Rat statt. Die Bev\u00f6lkerung ist sehr ungehalten \u00fcber die Ankunft der Menschen. Das Mikrowellen Desaster wird angesprochen. Der Rat steht den Menschen recht offen gegen\u00fcber. Der K\u00f6nig wurde in dieser Angelegenheit \u00fcberstimmt und versucht das vorhaben der Menschen zu entlarven. Die beiden Wissenschaftsteams der Menschen werden vorgestellt und dem Teams der Felidae zugeteilt.<\/p>\n\n\n\n<h2 class=\"wp-block-heading\">Kapitel 5<\/h2>\n\n\n\n<p>Einige der weiblichen Felidaer f\u00fchlen sich auf dem Bankett von Christoph angezogen. Kurz nach dem Bankett kommt es zu einem Zwischenfall und Mark wird entf\u00fchrt. Es kommt gleich danach zu Unruhen in der Bev\u00f6lkerung und Christoph soll nicht von der Miliz besch\u00fctzt werden. Um die Lage zu \u00fcberschauen, will Christoph einen Krisenzentrale aufbauen und nimmt mit der Indagatio Kontakt auf. Damit die Situation nicht weiter eskaliert sind keine weiteren Menschen und sogar er er selbst nicht auf diesem Planeten erw\u00fcnscht. Der Botschafter der Felidaer bietet ihm an auf dem Botschaftsgel\u00e4nde f\u00fcr die Menschen unter gebracht zu werden.<\/p>\n\n\n\n<h2 class=\"wp-block-heading\">Kapitel 6<\/h2>\n\n\n\n<p>Christoph wird zur Botschaft gebracht und trifft dort auf die Tochter des Botschafters. Sie wird angewiesen ihm einen Raum zur Verf\u00fcgung zu stellen und eine Schlafm\u00f6glichkeit. Der Captain der Indagatio meldet das die Erdstreitkr\u00e4fte unterwegs sind, um das Problem zu beseitigen. Sie erreichen den Planeten in 7 Tagen. Christoph vertritt sein Vater und verlangt eine friedliche L\u00f6sung solange die Situation nicht v\u00f6llig aus den Rudern l\u00e4uft.<\/p>\n\n\n\n<h2 class=\"wp-block-heading\">Kapitel 7<\/h2>\n\n\n\n<p>Die Tochter des Botschafters sieht Christophs Verzweiflung und m\u00f6chte ihm etwas Ruhe verordnen. Dies nimmt er nicht an, solange er nichts \u00fcber seinen Vater geh\u00f6rt hat. Sie bittet ihn nur um 10 Minuten seiner Aufmerksamkeit. Wieder willig lenkt er ein und l\u00e4sst sich in den Garten der Botschaft f\u00fchren. Dort zeigt sie ihm einen Baum, einen alten verzweigten aber mit wundersch\u00f6nen Bl\u00e4ttern. Sie erz\u00e4hlt ihm die Geschichte des Baumes und das es diese Art von Baum \u00fcberall auf dem Planten gibt und das jeder Felidaer dort seine Ruhe finden kann. Auf dem Baum leben Snuffys die f\u00fcr sich v\u00f6llig frei leben aber ab und an sich ein Felidaer als Freund nehmen. Christoph setzt sich auf einen tief liegenden Ast, l\u00e4sst die Natur auf sich wirken und schl\u00e4ft ein.<\/p>\n\n\n\n<h2 class=\"wp-block-heading\">Kapitel 8<\/h2>\n\n\n\n<p>Als Christoph wieder aufwacht sitzt ein Wiity auf seinem Arm und surrt und kuschelt mit ihm. Er geht zur\u00fcck in das ihm zugewiesene B\u00fcro und bestaunt die Einrichtung der Kommandozentrale. Zwei der Wissenschaftler sind dort aus dem Felidanie Team&nbsp;und berichten ihm von den ersten Ergebnissen.<\/p>\n\n\n\n<h2 class=\"wp-block-heading\">Kapitel 9<\/h2>\n\n\n\n<p>Die Botschaft wird von kakalakenartigen Wesen gest\u00fcrmt. Das Milit\u00e4r der Erde (HEF) soll nicht eingreifen. Das B\u00fcndniss zwischen den beiden V\u00f6lkern soll aufrecht erhalten werden. Chris versucht aus de Botschaft zu entkommen.<\/p>\n\n\n\n<h2 class=\"wp-block-heading\">Kapitel 10<\/h2>\n\n\n\n<p>Der K\u00f6nig der Felidaer muss eine Entscheidung treffen, wie nach dem \u00dcberfall auf die Botschaft mit den Menschen verfahren werden soll. Der Rat wird einberufen. Wer die Botschaft \u00fcberfallen hat ist bisher unklar. Diverse schuldige Felidaer werden erw\u00e4hnt. Chris soll vorerst in den Palast gebracht werden, um dort Schutz zu erhalten.<\/p>\n\n\n\n<h2 class=\"wp-block-heading\">Kapitel 11<\/h2>\n\n\n\n<p>Der Transport mit Chris zum Palast des K\u00f6nigs wird angegriffen. Der Geistersoldat sitzt mit im Fahrzeug und verl\u00e4sst dieses nach dem dieses zum halt kommt da die Stra\u00dfen nicht mehr befahrbar sind. Es wird beschlossen durch einen geheimen Tunnel zum Palast zu gehen.<\/p>\n\n\n\n<h2 class=\"wp-block-heading\">Letztes Kapitel<\/h2>\n\n\n\n<p>Diese Szene sollte in einer ruhigen Erz\u00e4hlweise dargestellt werden und die offenen Handlungsstr\u00e4nge sollten bis hierhin weitgehend geschlossen sein.<\/p>\n\n\n\n<p>Das Artefakt, welches sich als Element 234 darstellt, ist nur die Reise von 2 bestimmten Personen gedacht. Diese Personen werden durch die DNA ermittelt. Auch der Ort und der Zeitpunkt sind mit diesem Element 234 fest bestimmt. Beim Ort handelt es sich um die Erde. Der Botschafter und die Katze sollen in der Zeit zur\u00fcck reisen um die Gene der beiden \u00fcber Generationen zu verbinden und zu verbreiten. Dies geschieht nur um die Felidae zu retten. Nachdem sich das Portal f\u00fcr die Zeitreise \u00f6ffnet, bricht die H\u00f6hle zusammen. Der Kieran schiebt den Botschafter Mark durch das Portal, er selbst stirbt. Die Katze wird kurz vorm durchtreten des Portals aufgehalten.<\/p>\n\n\n\n<p>Ende<\/p>\n\n\n\n<p>Die tot geglaubte Siri befindet sich im Portal und nimmt Kontakt mit Ihr auf und bitte um Hilfe.<\/p>\n","protected":false},"excerpt":{"rendered":"<p>Grundstory Die Felidae haben auf Morrongo ein gro\u00dfe Menge des Element 207 gefunden. Allerdings scheint es andere Eigenschaften zu haben, als bei dem Element 207das normalerweise bei den Zeitw\u00e4chtern eingesetzt wird. Dieses Artefakt aktiviert sich nur bei einer bestimmten DNA, bzw. bei einer Kombination von einem bestimmte Menschen und einem bestimmten Felidae DNA. Sobald diese [&hellip;]<\/p>\n","protected":false},"author":1,"featured_media":0,"parent":0,"menu_order":5,"comment_status":"closed","ping_status":"closed","template":"","meta":{"footnotes":""},"class_list":["post-15","page","type-page","status-publish","hentry"],"jetpack_sharing_enabled":true,"_links":{"self":[{"href":"http:\/\/notepad.projectnearfuture.de\/index.php?rest_route=\/wp\/v2\/pages\/15","targetHints":{"allow":["GET"]}}],"collection":[{"href":"http:\/\/notepad.projectnearfuture.de\/index.php?rest_route=\/wp\/v2\/pages"}],"about":[{"href":"http:\/\/notepad.projectnearfuture.de\/index.php?rest_route=\/wp\/v2\/types\/page"}],"author":[{"embeddable":true,"href":"http:\/\/notepad.projectnearfuture.de\/index.php?rest_route=\/wp\/v2\/users\/1"}],"replies":[{"embeddable":true,"href":"http:\/\/notepad.projectnearfuture.de\/index.php?rest_route=%2Fwp%2Fv2%2Fcomments&post=15"}],"version-history":[{"count":1,"href":"http:\/\/notepad.projectnearfuture.de\/index.php?rest_route=\/wp\/v2\/pages\/15\/revisions"}],"predecessor-version":[{"id":16,"href":"http:\/\/notepad.projectnearfuture.de\/index.php?rest_route=\/wp\/v2\/pages\/15\/revisions\/16"}],"wp:attachment":[{"href":"http:\/\/notepad.projectnearfuture.de\/index.php?rest_route=%2Fwp%2Fv2%2Fmedia&parent=15"}],"curies":[{"name":"wp","href":"https:\/\/api.w.org\/{rel}","templated":true}]}}